{"id":10,"date":"2026-01-12T20:33:10","date_gmt":"2026-01-12T20:33:10","guid":{"rendered":"https:\/\/tarnawka.przemyska.pl\/?page_id=10"},"modified":"2026-01-13T20:15:12","modified_gmt":"2026-01-13T20:15:12","slug":"ogloszenia","status":"publish","type":"page","link":"https:\/\/tarnawka.przemyska.pl\/?page_id=10","title":{"rendered":"Og\u0142oszenia"},"content":{"rendered":"    <div class=\"parafia-container\">\n        <div class=\"news-grid\">\n            <div class=\"news-item\">\n    <div class=\"news-header-flex\">\n                <div class=\"news-thumb\">\n            <img loading=\"lazy\" decoding=\"async\" width=\"150\" height=\"150\" src=\"https:\/\/tarnawka.przemyska.pl\/wp-content\/uploads\/2026\/01\/Gemini_Generated_Image_2lcmx32lcmx32lcm__1_-removebg-preview-150x150.png\" class=\"attachment-thumbnail size-thumbnail wp-post-image\" alt=\"\" itemprop=\"image\" \/>        <\/div>\n                <div>\n            <span class=\"news-date\">12.04.2026<\/span>\n            <h3><a href=\"https:\/\/tarnawka.przemyska.pl\/?p=361\">Niedziela Mi\u0142osierdzia Bo\u017cego (12.04.2026 r.)<\/a><\/h3>\n        <\/div>\n    <\/div>\n    <div class=\"news-excerpt\">\n        Dzi\u015b Niedziela Mi\u0142osierdzia Bo\u017cego. Zapraszam na Godzin\u0119 Mi\u0142osierdzia Bo\u017cego i modlitw\u0119 przy wystawionym Naj\u015bw. Sakramencie...    <\/div>\n    <a href=\"https:\/\/tarnawka.przemyska.pl\/?p=361\" class=\"read-more\">Czytaj og\u0142oszenie<\/a>\n<\/div>\n<div class=\"news-item\">\n    <div class=\"news-header-flex\">\n                <div class=\"news-thumb\">\n            <img loading=\"lazy\" decoding=\"async\" width=\"150\" height=\"150\" src=\"https:\/\/tarnawka.przemyska.pl\/wp-content\/uploads\/2026\/01\/Gemini_Generated_Image_2lcmx32lcmx32lcm__1_-removebg-preview-150x150.png\" class=\"attachment-thumbnail size-thumbnail wp-post-image\" alt=\"\" itemprop=\"image\" \/>        <\/div>\n                <div>\n            <span class=\"news-date\">05.04.2026<\/span>\n            <h3><a href=\"https:\/\/tarnawka.przemyska.pl\/?p=358\">Niedziela Zmartwychwstania Pa\u0144skiego (05.04.2026 r.)<\/a><\/h3>\n        <\/div>\n    <\/div>\n    <div class=\"news-excerpt\">\n        1. Dzi\u015b Uroczysto\u015b\u0107 Zmartwychwstania Pa\u0144skiego. Dzi\u0119kuj\u0119 wszystkim, kt\u00f3rzy pomogli nam prze\u017cy\u0107 Wielki Tydzie\u0144 i dzie\u0144...    <\/div>\n    <a href=\"https:\/\/tarnawka.przemyska.pl\/?p=358\" class=\"read-more\">Czytaj og\u0142oszenie<\/a>\n<\/div>\n<div class=\"news-item\">\n    <div class=\"news-header-flex\">\n                <div class=\"news-thumb\">\n            <img loading=\"lazy\" decoding=\"async\" width=\"150\" height=\"150\" src=\"https:\/\/tarnawka.przemyska.pl\/wp-content\/uploads\/2026\/01\/Gemini_Generated_Image_2lcmx32lcmx32lcm__1_-removebg-preview-150x150.png\" class=\"attachment-thumbnail size-thumbnail wp-post-image\" alt=\"\" itemprop=\"image\" \/>        <\/div>\n                <div>\n            <span class=\"news-date\">29.03.2026<\/span>\n            <h3><a href=\"https:\/\/tarnawka.przemyska.pl\/?p=326\">Niedziela Palmowa \u2013 M\u0119ki Pa\u0144skiej (29.03.2026 r.)<\/a><\/h3>\n        <\/div>\n    <\/div>\n    <div class=\"news-excerpt\">\n        1. Dzisiejsza niedziela to Niedziela M\u0119ki Pa\u0144skiej, czyli Palmowa. Na Mszy \u015bw. o godz. 8:00...    <\/div>\n    <a href=\"https:\/\/tarnawka.przemyska.pl\/?p=326\" class=\"read-more\">Czytaj og\u0142oszenie<\/a>\n<\/div>\n<div class=\"news-item\">\n    <div class=\"news-header-flex\">\n                <div class=\"news-thumb\">\n            <img loading=\"lazy\" decoding=\"async\" width=\"150\" height=\"150\" src=\"https:\/\/tarnawka.przemyska.pl\/wp-content\/uploads\/2026\/01\/Gemini_Generated_Image_2lcmx32lcmx32lcm__1_-removebg-preview-150x150.png\" class=\"attachment-thumbnail size-thumbnail wp-post-image\" alt=\"\" itemprop=\"image\" \/>        <\/div>\n                <div>\n            <span class=\"news-date\">22.03.2026<\/span>\n            <h3><a href=\"https:\/\/tarnawka.przemyska.pl\/?p=317\">V niedziela Wielkiego Postu (22.03.2026 r.)<\/a><\/h3>\n        <\/div>\n    <\/div>\n    <div class=\"news-excerpt\">\n        1. Dzisiejsza niedziela, jak widzimy po zas\u0142oni\u0119tych krzy\u017cach i obrazach w naszym ko\u015bciele, nazywana jest...    <\/div>\n    <a href=\"https:\/\/tarnawka.przemyska.pl\/?p=317\" class=\"read-more\">Czytaj og\u0142oszenie<\/a>\n<\/div>\n<div class=\"news-item\">\n    <div class=\"news-header-flex\">\n                <div class=\"news-thumb\">\n            <img loading=\"lazy\" decoding=\"async\" width=\"150\" height=\"150\" src=\"https:\/\/tarnawka.przemyska.pl\/wp-content\/uploads\/2026\/01\/Gemini_Generated_Image_2lcmx32lcmx32lcm__1_-removebg-preview-150x150.png\" class=\"attachment-thumbnail size-thumbnail wp-post-image\" alt=\"\" itemprop=\"image\" \/>        <\/div>\n                <div>\n            <span class=\"news-date\">15.03.2026<\/span>\n            <h3><a href=\"https:\/\/tarnawka.przemyska.pl\/?p=309\">IV niedziela Wielkiego Postu (15.03.2026 r.)<\/a><\/h3>\n        <\/div>\n    <\/div>\n    <div class=\"news-excerpt\">\n        1. Dzi\u015b niedziela Laetare (rado\u015bci), kt\u00f3ra przypomina nam, \u017ce zbli\u017caj\u0105 si\u0119 \u015bwi\u0119ta paschalne. Po sumie...    <\/div>\n    <a href=\"https:\/\/tarnawka.przemyska.pl\/?p=309\" class=\"read-more\">Czytaj og\u0142oszenie<\/a>\n<\/div>\n        <\/div>\n        <div class=\"wpc-pagination\">\n                    <\/div>\n            <\/div>\n    \n\n\n\n<p><\/p>\n","protected":false},"excerpt":{"rendered":"","protected":false},"author":1,"featured_media":0,"parent":0,"menu_order":0,"comment_status":"closed","ping_status":"closed","template":"","meta":{"footnotes":""},"class_list":["entry","post","publish","author-admin","post-10","page","type-page"],"_links":{"self":[{"href":"https:\/\/tarnawka.przemyska.pl\/index.php?rest_route=\/wp\/v2\/pages\/10","targetHints":{"allow":["GET"]}}],"collection":[{"href":"https:\/\/tarnawka.przemyska.pl\/index.php?rest_route=\/wp\/v2\/pages"}],"about":[{"href":"https:\/\/tarnawka.przemyska.pl\/index.php?rest_route=\/wp\/v2\/types\/page"}],"author":[{"embeddable":true,"href":"https:\/\/tarnawka.przemyska.pl\/index.php?rest_route=\/wp\/v2\/users\/1"}],"replies":[{"embeddable":true,"href":"https:\/\/tarnawka.przemyska.pl\/index.php?rest_route=%2Fwp%2Fv2%2Fcomments&post=10"}],"version-history":[{"count":3,"href":"https:\/\/tarnawka.przemyska.pl\/index.php?rest_route=\/wp\/v2\/pages\/10\/revisions"}],"predecessor-version":[{"id":114,"href":"https:\/\/tarnawka.przemyska.pl\/index.php?rest_route=\/wp\/v2\/pages\/10\/revisions\/114"}],"wp:attachment":[{"href":"https:\/\/tarnawka.przemyska.pl\/index.php?rest_route=%2Fwp%2Fv2%2Fmedia&parent=10"}],"curies":[{"name":"wp","href":"https:\/\/api.w.org\/{rel}","templated":true}]}}